{"id":106,"date":"2023-04-12T15:11:28","date_gmt":"2023-04-12T15:11:28","guid":{"rendered":"https:\/\/karriere.hi-ma.de\/?page_id=106"},"modified":"2025-07-15T10:28:17","modified_gmt":"2025-07-15T08:28:17","slug":"106-2","status":"publish","type":"page","link":"https:\/\/karriere.hi-ma.de\/index.php\/106-2\/","title":{"rendered":"Zerspanungsmechaniker-Metallfacharbeiter-CNC-Fr\u00e4ser"},"content":{"rendered":"<p>[et_pb_section fb_built=&#8220;1&#8243; admin_label=&#8220;Sektion&#8220; _builder_version=&#8220;4.20.4&#8243; _module_preset=&#8220;default&#8220; global_colors_info=&#8220;{}&#8220;][et_pb_row _builder_version=&#8220;4.20.4&#8243; _module_preset=&#8220;default&#8220; global_colors_info=&#8220;{}&#8220;][et_pb_column type=&#8220;4_4&#8243; _builder_version=&#8220;4.20.4&#8243; _module_preset=&#8220;default&#8220; global_colors_info=&#8220;{}&#8220;][dipl_double_color_heading heading_post_part=&#8220;Zerspanungsmechaniker*in \/ Metallfacharbeiter*in \/ CNC-Fr\u00e4ser*in (m\/w\/d)&#8220; _builder_version=&#8220;4.21.0&#8243; _module_preset=&#8220;default&#8220; global_heading_settings_level=&#8220;h3&#8243; global_heading_settings_text_align=&#8220;left&#8220; pre_header_font=&#8220;||||||||&#8220; post_header_font=&#8220;||||||||&#8220; global_colors_info=&#8220;{}&#8220;][\/dipl_double_color_heading][et_pb_text _builder_version=&#8220;4.21.0&#8243; _module_preset=&#8220;default&#8220; text_font=&#8220;||||||||&#8220; global_colors_info=&#8220;{}&#8220;]<\/p>\n<p>Wo andere aufh\u00f6ren, f\u00e4ngst du erst so richtig an? Mit HIMA durchstarten hei\u00dft: mehr wollen und bewegen als andere. Als weltweiter Technologief\u00fchrer in der Erstellung von Gewinde und Formwalzwerkzeugen f\u00fcr die Kaltmassivumformung suchen wir Mutige, die bereit sind, immer einen Schritt weiterzugehen, Verantwortung zu \u00fcbernehmen und wissen, worauf es ankommt.<\/p>\n<p>[\/et_pb_text][\/et_pb_column][\/et_pb_row][et_pb_row _builder_version=&#8220;4.20.4&#8243; _module_preset=&#8220;default&#8220; global_colors_info=&#8220;{}&#8220;][et_pb_column type=&#8220;4_4&#8243; _builder_version=&#8220;4.20.4&#8243; _module_preset=&#8220;default&#8220; global_colors_info=&#8220;{}&#8220;][dipl_image_card_carousel space_between_slides=&#8220;66px&#8220; autoplay=&#8220;off&#8220; cards_per_slide_tablet=&#8220;2&#8243; cards_per_slide_phone=&#8220;1&#8243; _builder_version=&#8220;4.27.4&#8243; _module_preset=&#8220;default&#8220; global_colors_info=&#8220;{}&#8220;][dipl_image_card_carousel_item title=&#8220; &#8220; image=&#8220;https:\/\/karriere.hi-ma.de\/wp-content\/uploads\/2023\/06\/young-african-american-industrial-man-during-night-2022-01-19-00-09-51-utc.jpg&#8220; _builder_version=&#8220;4.27.4&#8243; _module_preset=&#8220;default&#8220; global_colors_info=&#8220;{}&#8220;][\/dipl_image_card_carousel_item][dipl_image_card_carousel_item image=&#8220;https:\/\/karriere.hi-ma.de\/wp-content\/uploads\/2023\/06\/Motiv_Frau.jpg&#8220; _builder_version=&#8220;4.27.4&#8243; _module_preset=&#8220;default&#8220; hover_enabled=&#8220;0&#8243; global_colors_info=&#8220;{}&#8220; title=&#8220; &#8220; sticky_enabled=&#8220;0&#8243;][\/dipl_image_card_carousel_item][dipl_image_card_carousel_item image=&#8220;https:\/\/karriere.hi-ma.de\/wp-content\/uploads\/2023\/06\/Montage_Azubi_maennlich3.jpg&#8220; _builder_version=&#8220;4.27.4&#8243; _module_preset=&#8220;default&#8220; hover_enabled=&#8220;0&#8243; global_colors_info=&#8220;{}&#8220; title=&#8220; &#8220; sticky_enabled=&#8220;0&#8243;][\/dipl_image_card_carousel_item][\/dipl_image_card_carousel][\/et_pb_column][\/et_pb_row][et_pb_row column_structure=&#8220;1_2,1_2&#8243; make_equal=&#8220;on&#8220; _builder_version=&#8220;4.21.0&#8243; _module_preset=&#8220;default&#8220; global_colors_info=&#8220;{}&#8220;][et_pb_column type=&#8220;1_2&#8243; _builder_version=&#8220;4.21.0&#8243; _module_preset=&#8220;default&#8220; global_colors_info=&#8220;{}&#8220;][dipl_double_color_heading heading_pre_part=&#8220;Beschreibung:&#8220; admin_label=&#8220;DP Fancy Heading&#8220; _builder_version=&#8220;4.21.0&#8243; _module_preset=&#8220;default&#8220; global_heading_settings_level=&#8220;h3&#8243; global_heading_settings_text_align=&#8220;left&#8220; pre_header_font=&#8220;||||||||&#8220; post_header_font=&#8220;||||||||&#8220; global_colors_info=&#8220;{}&#8220;][\/dipl_double_color_heading][et_pb_text _builder_version=&#8220;4.27.4&#8243; _module_preset=&#8220;default&#8220; text_font=&#8220;||||||||&#8220; global_colors_info=&#8220;{}&#8220;]<\/p>\n<ul>\n<li>Eigenverantwortliches, selbstst\u00e4ndiges R\u00fcsten, Einstellen und Bedienen von hochmodernen CNC-Bearbeitungszentren (4, 5 Achs) mit Roboterautomation.<\/li>\n<li>Selbstverantwortliches Pr\u00fcfen und Messen nach Zeichnung.<\/li>\n<li>Kontrolle der im Einsatz befindlichen Werkzeuge in Hinblick auf Verschlei\u00df- und Schnittdaten sowie deren Optimierung.<\/li>\n<li>Verbesserung des Produktionsablaufes durch Optimierung der Programme.<\/li>\n<\/ul>\n<p>[\/et_pb_text][\/et_pb_column][et_pb_column type=&#8220;1_2&#8243; _builder_version=&#8220;4.20.4&#8243; _module_preset=&#8220;default&#8220; global_colors_info=&#8220;{}&#8220;][dipl_double_color_heading heading_pre_part=&#8220;Dein Profil:&#8220; admin_label=&#8220;DP Fancy Heading&#8220; _builder_version=&#8220;4.21.0&#8243; _module_preset=&#8220;default&#8220; global_heading_settings_level=&#8220;h3&#8243; global_heading_settings_text_align=&#8220;left&#8220; pre_header_font=&#8220;||||||||&#8220; post_header_font=&#8220;||||||||&#8220; global_colors_info=&#8220;{}&#8220;][\/dipl_double_color_heading][et_pb_text _builder_version=&#8220;4.21.0&#8243; _module_preset=&#8220;default&#8220; text_font=&#8220;||||||||&#8220; global_colors_info=&#8220;{}&#8220;]<\/p>\n<ul>\n<li>Abgeschlossene Berufsausbildung als Zerspanungsmechaniker*in, Industriemechaniker*in, Feinwerkmechaniker*in oder vergleichbarer Ausbildung.<\/li>\n<li>Berufserfahrung als CNC-Fr\u00e4ser*in von Vorteil.<\/li>\n<li>Erfahrung mit Siemens 840D\u00a0bzw. Heidenhain Mill Plus von Vorteil, aber nicht Bedingung.<\/li>\n<li>Gewissenhafte Arbeitsweise<\/li>\n<li>Hands on Mentalit\u00e4t<\/li>\n<li>Verantwortungsbewusstsein<\/li>\n<li>Leistungsbereitschaft<\/li>\n<li>Teamf\u00e4higkeit<\/li>\n<li>Deutsch in Wort und Schrift<\/li>\n<\/ul>\n<p>[\/et_pb_text][\/et_pb_column][\/et_pb_row][et_pb_row make_equal=&#8220;on&#8220; _builder_version=&#8220;4.21.0&#8243; _module_preset=&#8220;default&#8220; global_colors_info=&#8220;{}&#8220;][et_pb_column type=&#8220;4_4&#8243; _builder_version=&#8220;4.20.4&#8243; _module_preset=&#8220;default&#8220; global_colors_info=&#8220;{}&#8220;][dipl_double_color_heading heading_pre_part=&#8220;Deine Benefits:&#8220; admin_label=&#8220;DP Fancy Heading&#8220; _builder_version=&#8220;4.21.0&#8243; _module_preset=&#8220;default&#8220; global_heading_settings_level=&#8220;h3&#8243; global_heading_settings_text_align=&#8220;left&#8220; pre_header_font=&#8220;||||||||&#8220; post_header_font=&#8220;||||||||&#8220; global_colors_info=&#8220;{}&#8220;][\/dipl_double_color_heading][et_pb_text _builder_version=&#8220;4.21.0&#8243; _module_preset=&#8220;default&#8220; text_font=&#8220;||||||||&#8220; global_colors_info=&#8220;{}&#8220;]<\/p>\n<ul>\n<li>Unbefristeten Arbeitsvertrag in Vollzeit mit Zukunftsperspektiven<\/li>\n<li>Flexibles Arbeitszeitenmodell. Bei uns entscheidest du, wie du dir deine Stunden einteilst.<\/li>\n<li>Hochmoderner Maschinenpark mit Roboterautomation<\/li>\n<li>Leistungsgerechte Bezahlung mit Urlaubs- und Weihnachtsgeld<\/li>\n<li>Betriebliche Altersvorsorge<\/li>\n<li>Weiterbildungsm\u00f6glichkeiten<\/li>\n<li>Bei uns wirst du als Mensch und nicht als Produktionsfaktor gesehen. Du stehst im Vordergrund.<\/li>\n<li>Entfaltung pers\u00f6nlicher St\u00e4rken in einem dynamischen Umfeld.<\/li>\n<li>Attraktive T\u00e4tigkeit mit viel Eigenverantwortung.<\/li>\n<li>Kollegiales Miteinander und ein moderner F\u00fchrungsstil in einem jungen Team.<\/li>\n<li>Betriebseigenes Fitnessstudio im Haus.<\/li>\n<li>Jobrad<\/li>\n<\/ul>\n<p>&nbsp;<\/p>\n<p>Standort: 74626 Bretzfeld-Schwabbach, Deutschland<\/p>\n<p>&nbsp;<\/p>\n<p>[\/et_pb_text][\/et_pb_column][\/et_pb_row][et_pb_row _builder_version=&#8220;4.25.0&#8243; _module_preset=&#8220;default&#8220; global_colors_info=&#8220;{}&#8220;][et_pb_column type=&#8220;4_4&#8243; _builder_version=&#8220;4.25.0&#8243; _module_preset=&#8220;default&#8220; global_colors_info=&#8220;{}&#8220;][et_pb_social_media_follow _builder_version=&#8220;4.25.0&#8243; _module_preset=&#8220;default&#8220; global_colors_info=&#8220;{}&#8220;][et_pb_social_media_follow_network social_network=&#8220;facebook&#8220; url=&#8220;https:\/\/www.facebook.com\/p\/HIMA-Hieber-Maier-GmbH-100076190289264\/&#8220; _builder_version=&#8220;4.25.0&#8243; _module_preset=&#8220;default&#8220; background_color=&#8220;#3b5998&#8243; global_colors_info=&#8220;{}&#8220; follow_button=&#8220;off&#8220; url_new_window=&#8220;on&#8220;]facebook[\/et_pb_social_media_follow_network][et_pb_social_media_follow_network social_network=&#8220;instagram&#8220; url=&#8220;https:\/\/www.instagram.com\/hima_hieberundmaier\/&#8220; _builder_version=&#8220;4.25.0&#8243; _module_preset=&#8220;default&#8220; background_color=&#8220;#ea2c59&#8243; global_colors_info=&#8220;{}&#8220; follow_button=&#8220;off&#8220; url_new_window=&#8220;on&#8220;]instagram[\/et_pb_social_media_follow_network][et_pb_social_media_follow_network social_network=&#8220;linkedin&#8220; url=&#8220;https:\/\/www.linkedin.com\/company\/hima-hieber-maier-gmbh&#8220; _builder_version=&#8220;4.25.0&#8243; _module_preset=&#8220;default&#8220; background_color=&#8220;#007bb6&#8243; global_colors_info=&#8220;{}&#8220; follow_button=&#8220;off&#8220; url_new_window=&#8220;on&#8220;]linkedin[\/et_pb_social_media_follow_network][\/et_pb_social_media_follow][\/et_pb_column][\/et_pb_row][\/et_pb_section][et_pb_section fb_built=&#8220;1&#8243; _builder_version=&#8220;4.20.4&#8243; _module_preset=&#8220;default&#8220; background_color=&#8220;#12326E&#8220; global_colors_info=&#8220;{}&#8220;][et_pb_row _builder_version=&#8220;4.20.4&#8243; _module_preset=&#8220;default&#8220; global_colors_info=&#8220;{}&#8220;][et_pb_column type=&#8220;4_4&#8243; _builder_version=&#8220;4.20.4&#8243; _module_preset=&#8220;default&#8220; global_colors_info=&#8220;{}&#8220;][dipl_double_color_heading heading_pre_part=&#8220;Alles dreht sich um deine Bewerbung.&#8220; _builder_version=&#8220;4.25.0&#8243; _module_preset=&#8220;default&#8220; global_heading_settings_level=&#8220;h3&#8243; pre_header_font=&#8220;||||||||&#8220; pre_header_text_color=&#8220;#FFFFFF&#8220; post_header_font=&#8220;||||||||&#8220; post_header_text_color=&#8220;#FFFFFF&#8220; global_colors_info=&#8220;{}&#8220;][\/dipl_double_color_heading][\/et_pb_column][\/et_pb_row][et_pb_row _builder_version=&#8220;4.22.1&#8243; _module_preset=&#8220;default&#8220; custom_css_main_element=&#8220;color: white;&#8220; global_colors_info=&#8220;{}&#8220;][et_pb_column type=&#8220;4_4&#8243; _builder_version=&#8220;4.20.4&#8243; _module_preset=&#8220;default&#8220; global_colors_info=&#8220;{}&#8220;][dipl_form_styler form_type=&#8220;contact_form_7&#8243; cf7_form_id=&#8220;66&#8243; input_text_color=&#8220;#FFFFFF&#8220; focus_input_text_color=&#8220;#FFFFFF&#8220; placeholder_text_color=&#8220;#FFFFFF&#8220; focus_placeholder_text_color=&#8220;#FFFFFF&#8220; input_bg_color=&#8220;#12326E&#8220; input_focus_bg_color=&#8220;#12326E&#8220; button_custom_padding=&#8220;10px|20px|10px|20px|true|true&#8220; submit_custom_padding=&#8220;10px|20px|10px|20px|true|true&#8220; submit_bg_color=&#8220;#FFFFFF&#8220; _builder_version=&#8220;4.22.1&#8243; _module_preset=&#8220;default&#8220; label_font=&#8220;||||||||&#8220; label_text_color=&#8220;#FFFFFF&#8220; input_font=&#8220;||||||||&#8220; placeholder_font=&#8220;||||||||&#8220; upload_text_font=&#8220;|300||on|||||&#8220; upload_text_text_color=&#8220;#FFFFFF&#8220; upload_text_font_size=&#8220;14px&#8220; submit_button_text_font=&#8220;|||on|||||&#8220; submit_button_text_text_color=&#8220;#12326E&#8220; button_text_font=&#8220;|||on|||||&#8220; button_text_text_color=&#8220;#12326E&#8220; text_orientation=&#8220;left&#8220; module_alignment_last_edited=&#8220;off|desktop&#8220; border_width_all_input=&#8220;0px&#8220; border_width_bottom_input=&#8220;2px&#8220; border_color_bottom_input=&#8220;#FFFFFF&#8220; border_radii_submit_button=&#8220;on|10px|10px|10px|10px&#8220; border_width_all_submit_button=&#8220;0px&#8220; border_radii_button=&#8220;on|10px|10px|10px|10px&#8220; border_width_all_button=&#8220;0px&#8220; global_colors_info=&#8220;{}&#8220;][\/dipl_form_styler][\/et_pb_column][\/et_pb_row][\/et_pb_section]<\/p>\n","protected":false},"excerpt":{"rendered":"<p><div class=\"et_pb_module dipl_double_color_heading dipl_double_color_heading_0 \">\n\t\t\t\t\n\t\t\t\t\n\t\t\t\t\n\t\t\t\t\n\t\t\t\t\n\t\t\t\t\n\t\t\t\t<div class=\"et_pb_module_inner\">\n\t\t\t\t\t<div class=\"dipl_text_wrapper\"><h3><span class=\"dipl_post_text\">Zerspanungsmechaniker*in \/ Metallfacharbeiter*in \/ CNC-Fr\u00e4ser*in (m\/w\/d)<\/span><\/h3><\/div>\n\t\t\t\t<\/div>\n\t\t\t<\/div>Wo andere aufh\u00f6ren, f\u00e4ngst du erst so richtig an? Mit HIMA durchstarten hei\u00dft: mehr wollen und bewegen als andere. Als weltweiter Technologief\u00fchrer in der Erstellung von Gewinde und Formwalzwerkzeugen f\u00fcr die Kaltmassivumformung suchen wir Mutige, die bereit sind, immer einen Schritt weiterzugehen, [&hellip;]<\/p>\n","protected":false},"author":2,"featured_media":0,"parent":0,"menu_order":0,"comment_status":"closed","ping_status":"closed","template":"","meta":{"_et_pb_use_builder":"on","_et_pb_old_content":"","_et_gb_content_width":"","footnotes":""},"class_list":["post-106","page","type-page","status-publish","hentry"],"_links":{"self":[{"href":"https:\/\/karriere.hi-ma.de\/index.php\/wp-json\/wp\/v2\/pages\/106","targetHints":{"allow":["GET"]}}],"collection":[{"href":"https:\/\/karriere.hi-ma.de\/index.php\/wp-json\/wp\/v2\/pages"}],"about":[{"href":"https:\/\/karriere.hi-ma.de\/index.php\/wp-json\/wp\/v2\/types\/page"}],"author":[{"embeddable":true,"href":"https:\/\/karriere.hi-ma.de\/index.php\/wp-json\/wp\/v2\/users\/2"}],"replies":[{"embeddable":true,"href":"https:\/\/karriere.hi-ma.de\/index.php\/wp-json\/wp\/v2\/comments?post=106"}],"version-history":[{"count":24,"href":"https:\/\/karriere.hi-ma.de\/index.php\/wp-json\/wp\/v2\/pages\/106\/revisions"}],"predecessor-version":[{"id":355,"href":"https:\/\/karriere.hi-ma.de\/index.php\/wp-json\/wp\/v2\/pages\/106\/revisions\/355"}],"wp:attachment":[{"href":"https:\/\/karriere.hi-ma.de\/index.php\/wp-json\/wp\/v2\/media?parent=106"}],"curies":[{"name":"wp","href":"https:\/\/api.w.org\/{rel}","templated":true}]}}